 is -1 - -323?
322
In base 13, what is -41 + -8?
-49
In base 10, what is 132 + -3?
129
In base 12, what is 10 + -a?
2
In base 12, what is 30 - -2a?
5a
In base 5, what is 1113 + 43?
1211
In base 11, what is 82 + 1?
83
In base 3, what is 11 - 212?
-201
In base 8, what is -2 + -157?
-161
In base 13, what is -2 + -36?
-38
In base 16, what is e4 - -3?
e7
In base 15, what is b7 - 3?
b4
In base 11, what is 0 - 230?
-230
In base 4, what is 12 + -310?
-232
In base 14, what is 0 - -13?
13
In base 4, what is -23 - -220?
131
In base 6, what is 11 - -153?
204
In base 9, what is -12 - 115?
-127
In base 15, what is -1 + 10?
e
In base 2, what is -11 + 10110000?
10101101
In base 4, what is 0 + -110303?
-110303
In base 4, what is 102 - 100123?
-100021
In base 6, what is 1 + 421?
422
In base 11, what is -5 - 745?
-74a
In base 7, what is -13 + 105?
62
In base 7, what is 5 + -1054?
-1046
In base 5, what is -3 - 30?
-33
In base 6, what is -5 + -22534?
-22543
In base 14, what is -3 - -7d?
7a
In base 15, what is 40 - -3?
43
In base 15, what is -6 - -1a?
14
In base 4, what is 2 - 1132?
-1130
In base 6, what is 3 + -543?
-540
In base 15, what is -23 - -a?
-18
In base 8, what is 6557 + -5?
6552
In base 4, what is -10100 + 203?
-3231
In base 15, what is -2 + -1e6?
-1e8
In base 3, what is 12 - 111?
-22
In base 4, what is -301 + 2?
-233
In base 4, what is -212 + -12?
-230
In base 4, what is -10 + -232?
-302
In base 11, what is 564 - 1?
563
In base 2, what is 0 + -1011011?
-1011011
In base 8, what is 10 + 576?
606
In base 11, what is -8 - 219?
-226
In base 2, what is -10 - 1011101111?
-1011110001
In base 2, what is -100 + -10?
-110
In base 16, what is 4 + -4?
0
In base 11, what is 2 + -363?
-361
In base 4, what is -322203 + 1?
-322202
In base 11, what is 4 + -2119?
-2115
In base 14, what is 150 - -d?
15d
In base 13, what is -4407 - -3?
-4404
In base 10, what is -9 + 75?
66
In base 12, what is -521 + -7?
-528
In base 14, what is 124 + 2?
126
In base 11, what is 734 + 1?
735
In base 14, what is -1367 - -7?
-1360
In base 14, what is 81 - 5?
7a
In base 4, what is -200 - 113?
-313
In base 15, what is d + -1a?
-c
In base 12, what is -2 - -147?
145
In base 9, what is 5 - 645?
-640
In base 6, what is 3 + -213?
-210
In base 15, what is 6a - -3e?
a9
In base 13, what is -207 - 5?
-20c
In base 15, what is c5 + 0?
c5
In base 12, what is 528 + -2?
526
In base 3, what is -1121 - 120?
-2011
In base 9, what is 56 - -1?
57
In base 3, what is 1000 - -110?
1110
In base 14, what is -40 - 1?
-41
In base 10, what is 15 + -343?
-328
In base 5, what is -23 - 13?
-41
In base 2, what is 10000000100110 + 10?
10000000101000
In base 7, what is -14255 - 3?
-14261
In base 16, what is 60 - 3?
5d
In base 9, what is -17 + 658?
641
In base 11, what is 766 + -3?
763
In base 6, what is 3 + -500?
-453
In base 11, what is 4 - -185?
189
In base 7, what is 235 + 0?
235
In base 15, what is -224 - -2?
-222
In base 12, what is -ba + 5?
-b5
In base 3, what is -12 - 111121?
-111210
In base 13, what is 11 + -9b?
-8a
In base 9, what is -1034 + -7?
-1042
In base 12, what is 55a - 0?
55a
In base 15, what is -4 - d43?
-d47
In base 14, what is 5ada - 1?
5ad9
In base 10, what is -232 + 9?
-223
In base 2, what is -1000 + 10101?
1101
In base 9, what is -5 + 51?
45
In base 10, what is 5 + 93?
98
In base 16, what is -29 + -d?
-36
In base 2, what is -101110100 + -11011?
-110001111
In base 15, what is 187 + -3?
184
In base 3, what is -222 + -201?
-1200
In base 14, what is -32a + -5?
-331
In base 9, what is -5027 + 2?
-5025
In base 4, what is 103 - 0?
103
In base 7, what is -24 + -224?
-251
In base 5, what is -1 + 423?
422
In base 12, what is -3 + -360?
-363
In base 6, what is -342 + 41?
-301
In base 4, what is -1102 + -3?
-1111
In base 12, what is 2 - 170?
-16a
In base 8, what is 0 - 214?
-214
In base 14, what is 9 + ad?
b8
In base 6, what is 52 - -5?
101
In base 7, what is 10 - -613?
623
In base 11, what is -2730 + -5?
-2735
In base 10, what is 1 + -410?
-409
In base 13, what is 0 - 2b4?
-2b4
In base 7, what is -305 + -3?
-311
In base 11, what is 0 - -88?
88
In base 8, what is 4 + -10?
-4
In base 2, what is -1101101001 - -100?
-1101100101
In base 12, what is -13665 + 3?
-13662
In base 9, what is 362 - 0?
362
In base 7, what is 3546 + 0?
3546
In base 8, what is 1 - -10502?
10503
In base 7, what is 5 - -163?
201
In base 3, what is 200111 + 100?
200211
In base 13, what is 4 - -a?
11
In base 5, what is -3 - -4120?
4112
In base 2, what is 100 + 11101011110?
11101100010
In base 3, what is -222210 - -2?
-222201
In base 13, what is 0 + 61?
61
In base 14, what is -1233 + 3?
-1230
In base 5, what is 1101 + -122?
424
In base 10, what is 4 - 1107?
-1103
In base 2, what is 10 - -101101110?
101110000
In base 2, what is -1000111 + -100110?
-1101101
In base 15, what is 39 + -7?
32
In base 8, what is -2 + 10216?
10214
In base 4, what is 330 - 10?
320
In base 6, what is 50 - 122?
-32
In base 10, what is -908 + -8?
-916
In base 10, what is 17 - 22?
-5
In base 2, what is 101011001000 - -100?
101011001100
In base 6, what is 10 - -103?
113
In base 10, what is 2 + -576?
-574
In base 3, what is 11 + -2011?
-2000
In base 11, what is -16 - -4?
-12
In base 7, what is -1161 - -10?
-1151
In base 10, what is 533 + 1?
534
In base 8, what is 32 + 214?
246
In base 12, what is 1 - -3?
4
In base 5, what is -4043 + 13?
-4030
In base 12, what is 1441 - 1?
1440
In base 15, what is -16 + -26a?
-281
In base 8, what is 6 + 12?
20
In base 7, what is 521 - 6?
512
In base 15, what is 7 + -b?
-4
In base 16, what is -c - -67?
5b
In base 3, what is -10 + -221021?
-221101
In base 15, what is -1 + -42?
-43
In base 11, what is -4 + 167?
163
In base 10, what is -3 + 239?
236
In base 11, what is -108 - 16?
-123
In base 11, what is -5 + -59?
-63
In base 3, what is -1001 - -11?
-220
In base 16, what is -4 + 89?
85
In base 14, what is -18 + -22?
-3a
In base 5, what is 14440 - -24?
20014
In base 16, what is -288 + -2?
-28a
In base 9, what is 362 - 5?
356
In base 2, what is -110011011 + -10001?
-110101100
In base 15, what is 3 + -b9?
-b6
In base 12, what is 5 - 5b7?
-5b2
In base 11, what is -523 + -3?
-526
In base 2, what is 11011 - -1?
11100
In base 10, what is -2476 - 1?
-2477
In base 4, what is 30 - -21120?
21210
In base 5, what is 3314 + -10?
3304
In base 8, what is -134 - -31?
-103
In base 10, what is 9 - 38?
-29
In base 15, what is -4 - -1?
-3
In base 16, what is 5 + 11?
16
In base 7, what is 1 - 555?
-554
In base 12, what is -755 + 5?
-750
In base 9, what is 47 + -17?
30
In base 7, what is 4 + 44?
51
In base 14, what is -141 + -5?
-146
In base 14, what is -1bd84 - -4?
-1bd80
In base 6, what is 141 + -44?
53
In base 16, what is -1b9 + 4?
-1b5
In base 10, what is 10 + 449?
459
In base 7, what is -201 + -3?
-204
In base 6, what is 14515 - -10?
14525
In base 12, what is -3 + -102?
-105
In base 8, what is -67 - -16?
-51
In base 5, what is 32 + 3142?
3224
In base 15, what is 0 + -19e?
-19e
In base 2, what is 111 + 1000001?
1001000
In base 10, what is -1940 - -3?
-1937
In base 14, what is -151 + 12?
-13d
In base 7, what is 6 - 60?
-51
In base 9, what is 3845 - -2?
3847
In base 8, what is 42 - 2?
40
In base 8, what is -1 - -31?
30
In base 3, what is -110 + 11?
-22
In base 8, what is 4 + -22?
-16
In base 12, what is 1b68 - 1?
1b67
In base 12, what is -29 - -8?
-21
In base 16, what is 3 + b2a?
b2d
In base 4, what is -10 - -2323?
2313
In base 9, what is -83324 - 2?
-83326
In base 7, what is 23 + 33?
56
In base 14, what is 3 + -9?
-6
In base 4, what is -1023 - -33?
-330
In base 10, what is -6048 - -3?
-6045
In base 3, what is -1000212 - -21?
-1000121
In base 14, what is 13 + -144?
-131
In base 13, what is 6 - -a0?
a6
In base 16, what is -337 - -2?
-335
In base 9, what is -32 - 11?
-43
In base 10, what is 191 - 4?
187
In base 11, what is a03 + -4?
9aa
In base 14, what is 12 + 2?
14
In base 10, what is 420 + -2?
418
In base 2, what is 101 + -10110?
-10001
In base 7, what is -4 + 122?
115
In base 5, what is -3 + 2?
-1
In base 11, what is 1 + -2800?
-27aa
In base 6, what is -2 + 15013?
15011
In base 9, what is -36 - 180?
-226
In base 14, what is -533c - -4?
-5338
In base 11, what is 19 - 233?
-215
In base 15, what is 21 + b?
2c
In base 10, what is -43 + 0?
-43
In base 12, what is -3a28 + -2?